 b be z(-25). Calculate the greatest common factor of 52 and b.
52
Let t be (14/(-3))/(1/(-3)). Suppose 1232*q + 11930 = 1242*q. Let m = q + -1067. What is the highest common factor of m and t?
14
Suppose 3*h + 20*h = -3680. Let v = h + 167. Calculate the greatest common factor of v and 119.
7
Suppose 4*y - 4*m = 52, 0*y = y + 2*m - 4. Let d be 25/y - 3/(-6). Let j be (d - 4)*(-1 - 65). Calculate the highest common factor of 6 and j.
6
Suppose -37397*v = -37393*v - 7668. What is the highest common divisor of 923 and v?
71
Let o be (-2 - -1)/((-646)/(-215) + -3). Let c = o - -471. Suppose 0*x = -4*x + c. What is the highest common divisor of 16 and x?
16
Let y be 144 - (6 + 2 + 1). Suppose -4*a = -463 - 609. Suppose 0 = 5*i - 2*i - 2*v - 158, a = 5*i - v. Calculate the highest common factor of y and i.
27
Suppose -20*g = 7*g + 189. Let m(d) = -d**2 - 24*d - 108. Let b be m(g). What is the highest common factor of 682 and b?
11
Let h = -335 + 332. Let c be (-144)/108 - 25/h. Calculate the greatest common factor of c and 791.
7
Suppose -9945 = 1588*l - 1583*l. Let n be l/(-18) + (-7)/14. Calculate the highest common factor of 66 and n.
22
Suppose 152 = 9*x - 4*x + 4*i, 2*x - 70 = 3*i. Let w be (4 + -1 - 6) + 355. What is the greatest common factor of x and w?
32
Let t = -5 - -19. Let j(p) = 2*p**2 - 15*p - 115. Let y be j(-8). What is the greatest common factor of t and y?
7
Let k(i) = -2*i**3 + 13*i**2 + 8*i - 5. Let r be k(7). Let x be ((-12)/r)/((-9)/12). What is the highest common divisor of 4 and x?
4
Let z(y) be the second derivative of y**4/12 + y**3/3 - 13*y**2/2 + 10*y. Let f be z(-6). Let b be f - 2/(-3)*6. What is the greatest common factor of b and 15?
15
Let w = 10 - -32. Let q(x) = -x**3 - 29*x**2 - 25*x - 116. Let j be q(-29). Calculate the highest common divisor of w and j.
21
Let u be (-2560)/(-2240)*(-21)/(-4). What is the greatest common factor of 1434 and u?
6
Suppose -224*z = -271*z + 5922. Calculate the highest common factor of z and 462.
42
Let b be (4 - 7)/((-9)/8877). Calculate the greatest common factor of b and 11.
11
Suppose 3*o - 129 = -2*u, 2*u - 160*o - 178 = -156*o. What is the highest common factor of 11375 and u?
25
Suppose 112*r - 130*r = -8550. Let x = 487 - r. What is the highest common factor of 36 and x?
12
Let k(g) = -g**2 - 15*g - 8. Let p(s) = 16*s + 4. Let i be p(-1). Let v be k(i). Suppose 560 = -32*j + 40*j. Calculate the greatest common factor of v and j.
14
Let c(r) = -3*r**2 - 90*r + 36. Let s be c(-28). Suppose 9*n = 4*p + 8*n - 47, n = 5*p - 59. What is the greatest common factor of p and s?
12
Let f = -881 - -29. Let r be f/(-8) - (36/(-8))/(-3). Suppose 3*z - z + 5*x - 42 = 0, -5*z = -x - r. Calculate the highest common divisor of z and 147.
21
Let n be 1952/6 - 2/6. Let k(j) = j**3 - 37*j**2 + 161*j - 1993. Let v be k(34). Calculate the greatest common factor of v and n.
13
Suppose 3*a + i - 326 = 0, -a - i + 0*i = -108. Suppose 121 - a = 4*x. Calculate the highest common divisor of x and 3.
3
Suppose v - 12969 = 3*w, -3*w = -80*v + 81*v - 12981. What is the highest common divisor of 75 and v?
75
Let b(p) be the first derivative of 3*p**4/2 + 2*p**2 - 7*p - 112. Let u be b(2). Calculate the highest common divisor of u and 2.
1
Let r(v) = 69*v**2 - 121*v - 640. Let x be r(-5). What is the highest common factor of x and 130?
130
Let j = -33 + 72. Suppose 177 = b + j. Let z = b + -107. Calculate the highest common factor of z and 248.
31
Let s(v) = 5*v**2 + 77*v - 52. Let w be s(-19). Let y be 276/14 - (-62)/217. What is the greatest common factor of y and w?
10
Let w(z) = 20*z**2 - 86*z - 39. Let s be w(8). What is the greatest common factor of s and 21?
7
Let f be 18/(-27)*-25*27/15. What is the highest common divisor of 280 and f?
10
Let t be ((-200)/(-3))/(-26 - 1440/(-54)). What is the highest common factor of t and 2500?
100
Let f(j) = 34*j**2 + 3*j. Let r be f(-2). Let g be 422/4 + (-213)/142. What is the greatest common divisor of r and g?
26
Let q(k) = 32*k**3 + k - 1. Let o be q(1). Let w = 1424 + -976. What is the highest common factor of w and o?
32
Suppose -32*s = -28*s - 60. Let u = 419 - 74. Calculate the greatest common factor of u and s.
15
Let f = -284 - -329. What is the highest common factor of f and 783?
9
Suppose -353*j + 333*j = -4940. What is the greatest common divisor of 26 and j?
13
Let w = -139 + 154. Suppose -w*f = -2*f - 130. Calculate the greatest common factor of 105 and f.
5
Let j(x) = -2*x**2 + 31*x + 74. Let w be j(-2). Suppose 2*r - 7*r + 25 = 0. Let h(d) = 2*d. Let f be h(r). What is the greatest common factor of w and f?
2
Let m = 96 + 0. Calculate the highest common divisor of m and 1128.
24
Let t = 471 - 460. Let p(j) = -21*j + 237. Let w be p(t). What is the highest common divisor of 354 and w?
6
Suppose -3*r - 1 = 5. Let u = r + 4. Let d be 8 + (-1)/(u/4). What is the highest common divisor of d and 54?
6
Suppose -207 = -1142*v - 1139*v + 2276*v + 68. Let w(o) = 17*o**2 + 4*o + 2. Let d be w(-3). Calculate the greatest common factor of d and v.
11
Suppose 0 = -9*n - 563 + 464. Let t(h) = h**2 + 17*h + 70. Let y be t(n). What is the highest common divisor of 62 and y?
2
Let j be 80/(-100) - 4/(-5). Suppose j = -44*y + 16*y + 3808. What is the highest common divisor of y and 238?
34
Suppose -757 = -317*y + 26505. Calculate the greatest common divisor of 4042 and y.
86
Suppose -3*x = -570 + 204. Let p = -31 + x. Let n = -14 + 21. Calculate the highest common factor of n and p.
7
Let b(l) = -35*l - 416. Let c be b(-19). What is the highest common divisor of c and 1079?
83
Suppose 3*h - 2*x - 33500 = 0, 6*h - 42*x + 43*x = 67010. What is the greatest common factor of h and 32?
32
Suppose s - 71 = 3*p, 0 = -0*s - 5*s - 5. Let l(v) = -v**3 - 28*v**2 - 101*v - 36. Let r be l(p). Calculate the greatest common divisor of 147 and r.
21
Suppose -b = -3*b + 6. Let s = 55 - b. What is the greatest common divisor of s and 156?
52
Suppose -4*q - 4*q = -24. Let g(u) = 7*u**3 - 2*u**2 + u - 13. Let k be g(q). Suppose 6*d - k = 175. Calculate the greatest common factor of 8 and d.
8
Suppose 3*x + 137 + 632 = 5*h, 3*h = 5*x + 455. Let p = h - -85. Suppose -10*t + p = -4*t. What is the highest common factor of 8 and t?
8
Suppose 9*b + 6*b - 60 = 0. Let j be ((b - 7/1) + 4)/(-1). Let a be j + (3 - (-2 + -101)). Calculate the greatest common divisor of a and 15.
15
Let c be 185/3*(-1626)/(-1355). Calculate the greatest common factor of c and 9953.
37
Suppose -8*f = 11 - 51. Suppose -f*u = -10*u + 60. Let s be (-252)/(-20) - (-12)/(-20). Calculate the highest common divisor of u and s.
12
Let o(y) = y**2 + 6*y + 11. Let w be o(-2). Let s(d) = -1 - w*d + 104*d**2 + 3*d**2 + 1 - 2. Let f be s(-1). What is the greatest common factor of f and 12?
12
Let d = -39649 + 43525. Calculate the greatest common divisor of d and 24.
12
Let o(j) = -1956*j - 928. Let p be o(-1). Calculate the greatest common factor of 20 and p.
4
Let b(a) = -5*a - 65. Let y be b(-13). Let k(r) = -r**3 - r**2 - 3*r + 1001. Let x be k(y). Calculate the highest common divisor of 77 and x.
77
Suppose 4*q + 44 = -4*i - 28, -3*i + q = 46. Let k be -4 - i/4 - 4. Let j(x) = 3*x**2 + 11*x + 10. Let f be j(k). What is the highest common factor of 14 and f?
14
Suppose -2*l - 124 - 35 = -3*v, -5*l + 2*v = 370. Let x be ((-6)/8 + -2)/(2/l). What is the greatest common divisor of 9 and x?
9
Suppose y = 9*w - 5*w - 13, -2*y = 5*w. Let m be (-222)/(-6) + -1 - w. Calculate the greatest common divisor of 442 and m.
34
Let b be 1 - 0 - 486/(-162). Let m(j) = j + 3. Let s be m(5). What is the greatest common factor of s and b?
4
Suppose 5*o = 123 + 7. Suppose 3*i + 857 = 2*a + 8*i, -2*a = -3*i - 817. Suppose -17*d = -25*d + a. What is the highest common divisor of d and o?
26
Let w = -199 - -348. Let x = 150 - w. Let q = 1 - 0. What is the highest common divisor of q and x?
1
Let c be (1 + 614/(-18))/((44/(-11))/36). What is the highest common divisor of c and 2?
2
Let o be (-2)/(-13) + 232/13. Suppose 199 = q - 16*l + o*l, -3*q - 4*l = -599. What is the highest common factor of q and 3?
3
Suppose -9 = f - 2*w - 28, 5*f + 4*w = 81. Suppose 1331 = f*i - 505. Calculate the highest common divisor of 135 and i.
27
Let v be ((-2535